{"id":14,"date":"2023-09-26T16:25:38","date_gmt":"2023-09-26T14:25:38","guid":{"rendered":"http:\/\/mecenat-musee-photo.org\/?page_id=14"},"modified":"2023-10-26T10:22:00","modified_gmt":"2023-10-26T08:22:00","slug":"allons-plus-loin","status":"publish","type":"page","link":"https:\/\/mecenat-musee-photo.org\/?page_id=14","title":{"rendered":"Allons Plus Loin !"},"content":{"rendered":"\n<p>Ce projet retient votre attention et vous voulez en savoir plus&nbsp;? Rien de plus simple, nous sommes \u00e0 votre disposition pour <a href=\"http:\/\/mecenat-musee-photo.org\/?page_id=32\" data-type=\"page\" data-id=\"32\">vous rencontrer et organiser<\/a>, si vous le souhaitez, une visite du mus\u00e9e et de ses r\u00e9serves, ou pour <a href=\"http:\/\/mecenat-musee-photo.org\/?page_id=34\">vous adresser, ou t\u00e9l\u00e9charger le dossier<\/a> que nous avons constitu\u00e9 \u00e0 l\u2019attention des m\u00e9c\u00e8nes potentiels du projet.<\/p>\n\n\n\n<blockquote class=\"wp-block-quote is-layout-flow wp-block-quote-is-layout-flow\">\n<p><a href=\"http:\/\/mecenat-musee-photo.org\/?page_id=32\" data-type=\"page\" data-id=\"32\">Pour nous rencontrer !<\/a><\/p>\n\n\n\n<p><a href=\"http:\/\/mecenat-musee-photo.org\/?page_id=34\">T\u00e9l\u00e9chargez le dossier de m\u00e9c\u00e9nat <\/a><\/p>\n<\/blockquote>\n\n\n\n<p>Vous souhaitez nous apporter le t\u00e9moignage de votre int\u00e9r\u00eat, mais sans engagement financier&nbsp;? <a href=\"http:\/\/mecenat-musee-photo.org\/?page_id=84\">Laissez-nous un message ou une courte vid\u00e9o de soutien<\/a> qui viendront enrichir notre rubrique \u00ab&nbsp;<a href=\"http:\/\/mecenat-musee-photo.org\/?page_id=42\" data-type=\"page\" data-id=\"42\">ils nous soutiennent&nbsp;!&nbsp;<\/a>\u00bb et qui t\u00e9moigneront de votre int\u00e9r\u00eat pour un projet de mus\u00e9e de la photo digne de la collection.<\/p>\n\n\n\n<blockquote class=\"wp-block-quote is-layout-flow wp-block-quote-is-layout-flow\">\n<p><a href=\"http:\/\/mecenat-musee-photo.org\/?page_id=84\" data-type=\"page\" data-id=\"84\">Laissez nous un message de soutien !<\/a><\/p>\n\n\n\n<p><a href=\"http:\/\/mecenat-musee-photo.org\/?page_id=42\" data-type=\"page\" data-id=\"42\">D\u00e9couvrez ceux qui nous soutiennent !<\/a><\/p>\n<\/blockquote>\n","protected":false},"excerpt":{"rendered":"<p>Ce projet retient votre attention et vous voulez en savoir plus&nbsp;? Rien de plus simple, nous sommes \u00e0 votre disposition pour vous rencontrer et organiser, si vous le souhaitez, une visite du mus\u00e9e et de ses r\u00e9serves, ou pour vous adresser, ou t\u00e9l\u00e9charger le dossier que nous avons constitu\u00e9 \u00e0 l\u2019attention des m\u00e9c\u00e8nes potentiels du projet. Pour nous rencontrer ! T\u00e9l\u00e9chargez le dossier de m\u00e9c\u00e9nat Vous souhaitez nous apporter le t\u00e9moignage de votre int\u00e9r\u00eat, mais sans engagement financier&nbsp;? Laissez-nous un&#8230;<\/p>\n<p class=\"read-more\"><a class=\"btn btn-default\" href=\"https:\/\/mecenat-musee-photo.org\/?page_id=14\">Lire la suite<span class=\"screen-reader-text\"> Lire la suite<\/span><\/a><\/p>\n","protected":false},"author":1,"featured_media":0,"parent":0,"menu_order":0,"comment_status":"closed","ping_status":"closed","template":"","meta":{"jetpack_post_was_ever_published":false,"footnotes":""},"class_list":["post-14","page","type-page","status-publish","hentry"],"yoast_head":"<!-- This site is optimized with the Yoast SEO plugin v21.5 - https:\/\/yoast.com\/wordpress\/plugins\/seo\/ -->\n<title>Allons Plus Loin ! - M\u00e9c\u00e9nat du Mus\u00e9e Fran\u00e7ais de La Photographie de Bi\u00e8vres<\/title>\n<meta name=\"robots\" content=\"index, follow, max-snippet:-1, max-image-preview:large, max-video-preview:-1\" \/>\n<link rel=\"canonical\" href=\"https:\/\/mecenat-musee-photo.org\/?page_id=14\" \/>\n<meta property=\"og:locale\" content=\"fr_FR\" \/>\n<meta property=\"og:type\" content=\"article\" \/>\n<meta property=\"og:title\" content=\"Allons Plus Loin ! - M\u00e9c\u00e9nat du Mus\u00e9e Fran\u00e7ais de La Photographie de Bi\u00e8vres\" \/>\n<meta property=\"og:description\" content=\"Ce projet retient votre attention et vous voulez en savoir plus&nbsp;? Rien de plus simple, nous sommes \u00e0 votre disposition pour vous rencontrer et organiser, si vous le souhaitez, une visite du mus\u00e9e et de ses r\u00e9serves, ou pour vous adresser, ou t\u00e9l\u00e9charger le dossier que nous avons constitu\u00e9 \u00e0 l\u2019attention des m\u00e9c\u00e8nes potentiels du projet. Pour nous rencontrer ! T\u00e9l\u00e9chargez le dossier de m\u00e9c\u00e9nat Vous souhaitez nous apporter le t\u00e9moignage de votre int\u00e9r\u00eat, mais sans engagement financier&nbsp;? Laissez-nous un...Lire la suite Lire la suite\" \/>\n<meta property=\"og:url\" content=\"https:\/\/mecenat-musee-photo.org\/?page_id=14\" \/>\n<meta property=\"og:site_name\" content=\"M\u00e9c\u00e9nat du Mus\u00e9e Fran\u00e7ais de La Photographie de Bi\u00e8vres\" \/>\n<meta property=\"article:modified_time\" content=\"2023-10-26T08:22:00+00:00\" \/>\n<meta name=\"twitter:card\" content=\"summary_large_image\" \/>\n<meta name=\"twitter:label1\" content=\"Dur\u00e9e de lecture estim\u00e9e\" \/>\n\t<meta name=\"twitter:data1\" content=\"1 minute\" \/>\n<script type=\"application\/ld+json\" class=\"yoast-schema-graph\">{\"@context\":\"https:\/\/schema.org\",\"@graph\":[{\"@type\":\"WebPage\",\"@id\":\"https:\/\/mecenat-musee-photo.org\/?page_id=14\",\"url\":\"https:\/\/mecenat-musee-photo.org\/?page_id=14\",\"name\":\"Allons Plus Loin ! - M\u00e9c\u00e9nat du Mus\u00e9e Fran\u00e7ais de La Photographie de Bi\u00e8vres\",\"isPartOf\":{\"@id\":\"https:\/\/mecenat-musee-photo.org\/#website\"},\"datePublished\":\"2023-09-26T14:25:38+00:00\",\"dateModified\":\"2023-10-26T08:22:00+00:00\",\"breadcrumb\":{\"@id\":\"https:\/\/mecenat-musee-photo.org\/?page_id=14#breadcrumb\"},\"inLanguage\":\"fr-FR\",\"potentialAction\":[{\"@type\":\"ReadAction\",\"target\":[\"https:\/\/mecenat-musee-photo.org\/?page_id=14\"]}]},{\"@type\":\"BreadcrumbList\",\"@id\":\"https:\/\/mecenat-musee-photo.org\/?page_id=14#breadcrumb\",\"itemListElement\":[{\"@type\":\"ListItem\",\"position\":1,\"name\":\"Accueil\",\"item\":\"https:\/\/mecenat-musee-photo.org\/\"},{\"@type\":\"ListItem\",\"position\":2,\"name\":\"Allons Plus Loin !\"}]},{\"@type\":\"WebSite\",\"@id\":\"https:\/\/mecenat-musee-photo.org\/#website\",\"url\":\"https:\/\/mecenat-musee-photo.org\/\",\"name\":\"M\u00e9c\u00e9nat du Mus\u00e9e Fran\u00e7ais de La Photographie de Bi\u00e8vres\",\"description\":\"Pour que l&#039;Image perdure !\",\"alternateName\":\"M\u00e9c\u00e9nat - MFPB\",\"potentialAction\":[{\"@type\":\"SearchAction\",\"target\":{\"@type\":\"EntryPoint\",\"urlTemplate\":\"https:\/\/mecenat-musee-photo.org\/?s={search_term_string}\"},\"query-input\":\"required name=search_term_string\"}],\"inLanguage\":\"fr-FR\"}]}<\/script>\n<!-- \/ Yoast SEO plugin. -->","yoast_head_json":{"title":"Allons Plus Loin ! - M\u00e9c\u00e9nat du Mus\u00e9e Fran\u00e7ais de La Photographie de Bi\u00e8vres","robots":{"index":"index","follow":"follow","max-snippet":"max-snippet:-1","max-image-preview":"max-image-preview:large","max-video-preview":"max-video-preview:-1"},"canonical":"https:\/\/mecenat-musee-photo.org\/?page_id=14","og_locale":"fr_FR","og_type":"article","og_title":"Allons Plus Loin ! - M\u00e9c\u00e9nat du Mus\u00e9e Fran\u00e7ais de La Photographie de Bi\u00e8vres","og_description":"Ce projet retient votre attention et vous voulez en savoir plus&nbsp;? Rien de plus simple, nous sommes \u00e0 votre disposition pour vous rencontrer et organiser, si vous le souhaitez, une visite du mus\u00e9e et de ses r\u00e9serves, ou pour vous adresser, ou t\u00e9l\u00e9charger le dossier que nous avons constitu\u00e9 \u00e0 l\u2019attention des m\u00e9c\u00e8nes potentiels du projet. Pour nous rencontrer ! T\u00e9l\u00e9chargez le dossier de m\u00e9c\u00e9nat Vous souhaitez nous apporter le t\u00e9moignage de votre int\u00e9r\u00eat, mais sans engagement financier&nbsp;? Laissez-nous un...Lire la suite Lire la suite","og_url":"https:\/\/mecenat-musee-photo.org\/?page_id=14","og_site_name":"M\u00e9c\u00e9nat du Mus\u00e9e Fran\u00e7ais de La Photographie de Bi\u00e8vres","article_modified_time":"2023-10-26T08:22:00+00:00","twitter_card":"summary_large_image","twitter_misc":{"Dur\u00e9e de lecture estim\u00e9e":"1 minute"},"schema":{"@context":"https:\/\/schema.org","@graph":[{"@type":"WebPage","@id":"https:\/\/mecenat-musee-photo.org\/?page_id=14","url":"https:\/\/mecenat-musee-photo.org\/?page_id=14","name":"Allons Plus Loin ! - M\u00e9c\u00e9nat du Mus\u00e9e Fran\u00e7ais de La Photographie de Bi\u00e8vres","isPartOf":{"@id":"https:\/\/mecenat-musee-photo.org\/#website"},"datePublished":"2023-09-26T14:25:38+00:00","dateModified":"2023-10-26T08:22:00+00:00","breadcrumb":{"@id":"https:\/\/mecenat-musee-photo.org\/?page_id=14#breadcrumb"},"inLanguage":"fr-FR","potentialAction":[{"@type":"ReadAction","target":["https:\/\/mecenat-musee-photo.org\/?page_id=14"]}]},{"@type":"BreadcrumbList","@id":"https:\/\/mecenat-musee-photo.org\/?page_id=14#breadcrumb","itemListElement":[{"@type":"ListItem","position":1,"name":"Accueil","item":"https:\/\/mecenat-musee-photo.org\/"},{"@type":"ListItem","position":2,"name":"Allons Plus Loin !"}]},{"@type":"WebSite","@id":"https:\/\/mecenat-musee-photo.org\/#website","url":"https:\/\/mecenat-musee-photo.org\/","name":"M\u00e9c\u00e9nat du Mus\u00e9e Fran\u00e7ais de La Photographie de Bi\u00e8vres","description":"Pour que l&#039;Image perdure !","alternateName":"M\u00e9c\u00e9nat - MFPB","potentialAction":[{"@type":"SearchAction","target":{"@type":"EntryPoint","urlTemplate":"https:\/\/mecenat-musee-photo.org\/?s={search_term_string}"},"query-input":"required name=search_term_string"}],"inLanguage":"fr-FR"}]}},"jetpack_sharing_enabled":true,"_links":{"self":[{"href":"https:\/\/mecenat-musee-photo.org\/index.php?rest_route=\/wp\/v2\/pages\/14","targetHints":{"allow":["GET"]}}],"collection":[{"href":"https:\/\/mecenat-musee-photo.org\/index.php?rest_route=\/wp\/v2\/pages"}],"about":[{"href":"https:\/\/mecenat-musee-photo.org\/index.php?rest_route=\/wp\/v2\/types\/page"}],"author":[{"embeddable":true,"href":"https:\/\/mecenat-musee-photo.org\/index.php?rest_route=\/wp\/v2\/users\/1"}],"replies":[{"embeddable":true,"href":"https:\/\/mecenat-musee-photo.org\/index.php?rest_route=%2Fwp%2Fv2%2Fcomments&post=14"}],"version-history":[{"count":4,"href":"https:\/\/mecenat-musee-photo.org\/index.php?rest_route=\/wp\/v2\/pages\/14\/revisions"}],"predecessor-version":[{"id":257,"href":"https:\/\/mecenat-musee-photo.org\/index.php?rest_route=\/wp\/v2\/pages\/14\/revisions\/257"}],"wp:attachment":[{"href":"https:\/\/mecenat-musee-photo.org\/index.php?rest_route=%2Fwp%2Fv2%2Fmedia&parent=14"}],"curies":[{"name":"wp","href":"https:\/\/api.w.org\/{rel}","templated":true}]}}