{"id":314,"date":"2023-12-07T16:21:25","date_gmt":"2023-12-07T15:21:25","guid":{"rendered":"https:\/\/mecenat-musee-photo.org\/?page_id=314"},"modified":"2023-12-07T16:23:46","modified_gmt":"2023-12-07T15:23:46","slug":"le-point-de-vue-du-directeur-du-musee","status":"publish","type":"page","link":"https:\/\/mecenat-musee-photo.org\/?page_id=314","title":{"rendered":"Le point de vue du Directeur du mus\u00e9e"},"content":{"rendered":"\n<h2 class=\"wp-block-heading\"><strong>La collection du mus\u00e9e fran\u00e7ais de la Photographie<\/strong><\/h2>\n\n\n\n<p>\u00c0 travers la collection du Mus\u00e9e Fran\u00e7ais de la Photographie, deux si\u00e8cles et demi sont repr\u00e9sent\u00e9s&nbsp;depuis des dispositifs ou images ayant pr\u00e9c\u00e9d\u00e9 l\u2019invention de la photographie jusqu\u2019aux \u0153uvres ou appareils du XXIe si\u00e8cle.<\/p>\n\n\n\n<p>Elle se compose de trois grands ensembles&nbsp;:<\/p>\n\n\n\n<ul class=\"wp-block-list\">\n<li>Les <strong>mat\u00e9riels<\/strong> photographiques, pour un total d\u2019environ <strong>25&nbsp;000<\/strong> pi\u00e8ces, offrent un panorama coh\u00e9rent et fourni de la production artisanale ou industrielle de mat\u00e9riels de prise de vue, d&rsquo;\u00e9clairage, de laboratoire, de projection, de supports publicitaires, etc. En plus des usages amateurs, les usages professionnels y sont bien repr\u00e9sent\u00e9s : appareils de prise de vue a\u00e9rienne et sous-marine, de reportage, de photographes forains, d&rsquo;imagerie scientifique, de reproduction industrielle&#8230;<\/li>\n<\/ul>\n\n\n\n<ul class=\"wp-block-list\">\n<li>Les <strong>images, <\/strong>n\u00e9gatives ou positives<strong>, <\/strong>relevant de la quasi-totalit\u00e9 des proc\u00e9d\u00e9s photographiques ou photom\u00e9caniques et dont le nombre approche le <strong>million<\/strong> d\u2019items.<\/li>\n<\/ul>\n\n\n\n<ul class=\"wp-block-list\">\n<li>Les <strong>documents&nbsp;<\/strong>: ouvrages imprim\u00e9s (environ 10&nbsp;000), p\u00e9riodiques (30&nbsp;000), 100 m\u00e8tres lin\u00e9aires de documentation technique, archives de particuliers ou soci\u00e9t\u00e9s, etc. Ce fonds tr\u00e8s important comprend la plupart des p\u00e9riodiques fran\u00e7ais et \u00e9trangers consacr\u00e9s \u00e0 la photographie, de nombreux ouvrages techniques de toutes \u00e9poques, des monographies d&rsquo;artistes, mais surtout un ensemble rare et volumineux de catalogues, notices et modes d&#8217;emploi de mat\u00e9riels photographiques. Cette derni\u00e8re cat\u00e9gorie de documents, en cours de classement, est sp\u00e9cifique au mus\u00e9e fran\u00e7ais de la Photographie. Elle constitue une aide pr\u00e9cieuse \u00e0 l&rsquo;\u00e9tude scientifique des objets, mais aussi \u00e0 la prise en compte du contexte historique et technique dans les travaux consacr\u00e9s aux usages sociaux de la photographie et dans la r\u00e9alisation des contenus didactiques.<\/li>\n<\/ul>\n\n\n\n<p>Si l\u2019on examine la collection de fa\u00e7on chronologique, elle peut \u00eatre d\u00e9crite comme suit&nbsp;:<\/p>\n\n\n\n<ul class=\"wp-block-list\">\n<li><strong>Avant la photographie&nbsp;: <\/strong>Le mus\u00e9e conserve des mat\u00e9riels du XVIIIe si\u00e8cle ou du d\u00e9but du XIXe ayant \u00e9volu\u00e9 vers une d\u00e9clinaison pour la photographie&nbsp;: des chambres noires ou claires de dessinateurs, des dispositifs optiques de divertissement ou d\u2019\u00e9ducation (\u00ab&nbsp;Bo\u00eetes optiques&nbsp;\u00bb, m\u00e9gal\u00e9thoscope de C. Ponti, lanternes magiques\u2026), mais aussi des images issues de techniques manuelles&nbsp;: dessins \u00ab&nbsp;\u00e0 la silhouette&nbsp;\u00bb, physionotraces, miniatures.<\/li>\n<\/ul>\n\n\n\n<ul class=\"wp-block-list\">\n<li><strong>Daguerr\u00e9otypie&nbsp;: <\/strong>Parmi les <strong>337<\/strong> daguerr\u00e9otypes conserv\u00e9s, on note la pr\u00e9sence d\u2019une vue de 1838 attribu\u00e9e \u00e0 Daguerre lui-m\u00eame et la quinzaine d\u2019images de Jules Itier, premi\u00e8res photographies connues de la Chine (1843-44). L\u2019ensemble du mat\u00e9riel n\u00e9cessaire \u00e0 la sensibilisation des plaques, \u00e0 la prise de vues et au d\u00e9veloppement est pr\u00e9sent dans des d\u00e9clinaisons diverses de formats ou d\u2019usages.<\/li>\n<\/ul>\n\n\n\n<ul class=\"wp-block-list\">\n<li><strong>Autres proc\u00e9d\u00e9s anciens et mat\u00e9riels associ\u00e9s\u00a0: <\/strong>Plusieurs centaines de mat\u00e9riels et d\u2019accessoires de prise de vues (en studio ou en ext\u00e9rieur), de laboratoire ou d\u2019atelier sont pr\u00e9sents en collection\u00a0: chambres de tous formats et facture, pieds, objectifs, diaphragmes, ch\u00e2ssis-presses, verrerie et r\u00e9cipients, outils et accessoires de retouche et finition\u2026 de production fran\u00e7aise ou \u00e9trang\u00e8re. <br><br>Parmi les pi\u00e8ces rares, on notera une tente-laboratoire destin\u00e9e \u00e0 la pratique du collodion humide ou une malle pour exp\u00e9dition photographique des ann\u00e9es 1860 compl\u00e8te.<\/li>\n<\/ul>\n\n\n\n<p>Autres proc\u00e9d\u00e9s anciens&nbsp;:<\/p>\n\n\n\n<figure class=\"wp-block-table\"><table><thead><tr><th>Typologie<\/th><th>Proc\u00e9d\u00e9s<\/th><th>Nombre d\u2019entr\u00e9es \u00e0 l\u2019inventaire informatis\u00e9<\/th><\/tr><\/thead><tbody><tr><td>N\u00e9gatifs<\/td><td>Calotypie<\/td><td>80<\/td><\/tr><tr><td>&nbsp;<\/td><td>Collodion<\/td><td>145<\/td><\/tr><tr><td>&nbsp;<\/td><td>Trichromie<\/td><td>2<\/td><\/tr><tr><td>Positifs argentiques monochromes<\/td><td>Aristotypie<\/td><td>958<\/td><\/tr><tr><td>&nbsp;<\/td><td>Papier sal\u00e9<\/td><td>62<\/td><\/tr><tr><td>&nbsp;<\/td><td>Photographie peinte et crystol\u00e9um<\/td><td>23<\/td><\/tr><tr><td>&nbsp;<\/td><td>Platinotypie<\/td><td>324<\/td><\/tr><tr><td>&nbsp;<\/td><td>Portrait-crayon<\/td><td>24<\/td><\/tr><tr><td>&nbsp;<\/td><td>Collodion<\/td><td>137<\/td><\/tr><tr><td>&nbsp;<\/td><td>Tirages albumin\u00e9s<\/td><td>4972<\/td><\/tr><tr><td>&nbsp;<\/td><td>Tirages au charbon<\/td><td>251<\/td><\/tr><tr><td>&nbsp;<\/td><td>Tirages aux encres grasses et\/ou pigmentaires (bromo\u00efl, gomme bichromat\u00e9e, ozotypie\u2026)<\/td><td>176<\/td><\/tr><tr><td>&nbsp;<\/td><td>Divers (orotone, ivoirytype, kallitypie, panotypie, proc\u00e9d\u00e9 Van Dyke)<\/td><td>21<\/td><\/tr><tr><td>Positifs monochromes non argentiques<\/td><td>Cyanotypie<\/td><td>660<\/td><\/tr><tr><td>Positifs directs<\/td><td>Ambrotypie<\/td><td>107<\/td><\/tr><tr><td>&nbsp;<\/td><td>Ferrotypie<\/td><td>415<\/td><\/tr><\/tbody><\/table><\/figure>\n\n\n\n<ul class=\"wp-block-list\">\n<li><strong>P\u00e9riode fin XIX<sup>e<\/sup>-XX<sup>e<\/sup>\u00a0si\u00e8cle : <\/strong>La forte repr\u00e9sentation des proc\u00e9d\u00e9s au g\u00e9latino-bromure d&rsquo;argent constat\u00e9e correspond \u00e0 l&rsquo;industrialisation et \u00e0 l&rsquo;explosion des pratiques photographiques dans les ann\u00e9es 1880. <br><br><strong>En mati\u00e8re de mat\u00e9riels<\/strong>, la pl\u00e9thorique production du XXe si\u00e8cle se traduit par la pr\u00e9sence en collection de plus de <strong>6\u00a0000<\/strong> <strong>appareils<\/strong> de tr\u00e8s nombreux fabricants. Outre les marques c\u00e9l\u00e8bres ayant surv\u00e9cu aux bouleversements industriels de la fin du XXe si\u00e8cle, on y trouve aussi beaucoup de noms oubli\u00e9s, dont ceux de la <strong>production fran\u00e7aise<\/strong> (plus de <strong>1\u00a0000<\/strong> <strong>appareils<\/strong>)\u00a0: Foca, Richard, Alsaphot, SEM, Royer, Goldstein, Kinax, MIOM, Fex Indo\u2026 Ou les nouveaux acteurs issus de l\u2019\u00e9lectronique ou la micro-informatique\u00a0: Apple, Sony, Logitech\u2026<br><br>Plus d\u2019une centaine d\u2019agrandisseurs sont conserv\u00e9s, parmi plus <strong>de 3500 mat\u00e9riels et accessoires de d\u00e9veloppement ou tirage<\/strong>.<br>Pr\u00e8s de <strong>700 visionneuses et projecteurs<\/strong> attestent de l\u2019importance de l\u2019image projet\u00e9e (diapositives sur verre et supports souples).<br><br>L&rsquo;activit\u00e9\u0301 photographique <strong>amateur<\/strong> s&rsquo;y trouve fortement pr\u00e9sente, qu&rsquo;il s&rsquo;agisse de la photographie familiale ou de voyage du d\u00e9but du XX<sup>e<\/sup> si\u00e8cle, ou de l&rsquo;intense production des photo-clubs de l&rsquo;apr\u00e8s-guerre, dont on a soulign\u00e9 le lien originel avec le mus\u00e9e.<br><br><strong>N\u00e9gatifs et \u00e9preuves<\/strong> se comptent alors en <strong>centaines de milliers<\/strong> (inventaire en cours), en particulier sur supports verre et avec une quantit\u00e9 importante de vues st\u00e9r\u00e9oscopiques, largement produites par les amateurs jusqu\u2019\u00e0 l\u2019entre-deux-guerres.<br><br>Plusieurs <strong>centaines d\u2019albums familiaux<\/strong> couvrant tout le XX<sup>e<\/sup> si\u00e8cle sont conserv\u00e9s.<br><br>Les <strong>pratiques professionnelles<\/strong>, photographie sociale, publicitaire, d\u2019entreprise, d\u2019illustration sont bien repr\u00e9sent\u00e9es par des fonds comptant parfois plusieurs milliers d\u2019images (n\u00e9gatifs et positifs), mais aussi par des objets t\u00e9moignant des processus d\u2019\u00e9dition et de production\u00a0: planches-contact annot\u00e9es, maquettes, \u00ab\u00a0poup\u00e9es\u00a0\u00bb, \u00e9preuves de travail ou de contr\u00f4le, \u00ab\u00a0dossiers photographiques\u00a0\u00bb, catalogue d\u2019agences\u2026<br><br>La commercialisation de supports pr\u00eats \u00e0 l\u2019emploi (<strong>plaques, films et papiers<\/strong>) est bien illustr\u00e9e par les publicit\u00e9s et les conditionnements de toutes marques\u00a0: Eastman Kodak, Lumi\u00e8re, Jougla, Guilleminot, Dufay, Dr Cl\u00e9ment, Louvre, Gevaert, Richard, \u00a0Recta, As de Tr\u00e8fle, Bauchet, Crumi\u00e8re, Agfa, Path\u00e9\u2026 Pour ne citer que les noms des premi\u00e8res d\u00e9cennies du XXe si\u00e8cle.<br><br>Les <strong>d\u00e9buts de la photo couleur<\/strong> en <strong>\u00ab\u00a0positif direct\u00a0\u00bb<\/strong> sont \u00e9galement pr\u00e9sents avec <strong>5920<\/strong> plaques Autochrome \u00e0 l\u2019inventaire ainsi que 38 repr\u00e9sentants d\u2019autres proc\u00e9d\u00e9s \u00e0 r\u00e9seaux (Dufay, Dufay dioptichrome, Finlay, Joly, Paget Plate, Omnicolor).<\/li>\n<\/ul>\n\n\n\n<ul class=\"wp-block-list\">\n<li><strong>Photographie contemporaine<\/strong><br>Depuis la fin des ann\u00e9es 1990, une politique d\u2019acquisitions soutenue a permis de combler les lacunes de la collection originelle et de constituer un corpus d\u2019\u0153uvres de plus de <strong>100 photographes contemporains<\/strong>.<\/li>\n<\/ul>\n\n\n\n<p>Enfin, diverses pi\u00e8ces insolites figurent \u00e0 l\u2019inventaire du mus\u00e9e&nbsp;:<\/p>\n\n\n\n<ul class=\"wp-block-list\">\n<li>La plus grosse pi\u00e8ce conserv\u00e9e par le mus\u00e9e est un banc de reproduction industriel des ann\u00e9es 1970 de 2,4 tonnes et 7 m. de long.<\/li>\n<\/ul>\n\n\n\n<p>Le mus\u00e9e conserve&nbsp;\u00e9galement :<\/p>\n\n\n\n<ul class=\"wp-block-list\">\n<li>une soixantaine de \u00ab\u00a0bijoux photographiques\u00a0\u00bb des ann\u00e9es 1860\u00a0: des vues touristiques de moins de deux millim\u00e8tres incluses dans de minuscules visionneuses grossissantes en ivoire (concepteur et fabricant Ren\u00e9 Dagron),<\/li>\n<\/ul>\n\n\n\n<ul class=\"wp-block-list\">\n<li>-une dizaine d\u2019appareils camoufl\u00e9s (dits \u00ab\u00a0appareils-espions\u00a0\u00bb) allant du plastron au briquet, en passant par bague, livre ou montre,<\/li>\n<\/ul>\n\n\n\n<ul class=\"wp-block-list\">\n<li>44 appareils de prise de vues a\u00e9riennes, notamment militaires,<\/li>\n<\/ul>\n\n\n\n<ul class=\"wp-block-list\">\n<li>&#8211; 83 images en relief produites par des proc\u00e9d\u00e9s rares ou exp\u00e9rimentaux\u00a0: proc\u00e9d\u00e9s Bonnet et Mengden, photost\u00e9r\u00e9osynth\u00e8se Lumi\u00e8re.<\/li>\n<\/ul>\n\n\n\n<p>Ce survol de la collection, n\u00e9cessairement concis, fait appara\u00eetre \u00e0 ceux qui la fr\u00e9quentent quotidiennement l\u2019\u00e9tendue de ce qui aurait pu \u00eatre mis en avant et n\u2019y figure pas, mais ce regret est li\u00e9 \u00e0 la nature m\u00eame de l\u2019exercice et nourrit la volont\u00e9 acharn\u00e9e d\u2019en montrer toujours plus aux publics d\u2019aujourd\u2019hui et de demain.<\/p>\n\n\n\n<p class=\"has-text-align-right\"><strong>Laurent Lalibert\u00e9<br>Directeur du Mus\u00e9e Fran\u00e7ais de la Photographie<\/strong><\/p>\n\n\n\n<p>\u00a0\u00a0\u00a0\u00a0\u00a0\u00a0\u00a0<\/p>\n","protected":false},"excerpt":{"rendered":"<p>La collection du mus\u00e9e fran\u00e7ais de la Photographie \u00c0 travers la collection du Mus\u00e9e Fran\u00e7ais de la Photographie, deux si\u00e8cles et demi sont repr\u00e9sent\u00e9s&nbsp;depuis des dispositifs ou images ayant pr\u00e9c\u00e9d\u00e9 l\u2019invention de la photographie jusqu\u2019aux \u0153uvres ou appareils du XXIe si\u00e8cle. Elle se compose de trois grands ensembles&nbsp;: Si l\u2019on examine la collection de fa\u00e7on chronologique, elle peut \u00eatre d\u00e9crite comme suit&nbsp;: Autres proc\u00e9d\u00e9s anciens&nbsp;: Typologie Proc\u00e9d\u00e9s Nombre d\u2019entr\u00e9es \u00e0 l\u2019inventaire informatis\u00e9 N\u00e9gatifs Calotypie 80 &nbsp; Collodion 145 &nbsp; Trichromie&#8230;<\/p>\n<p class=\"read-more\"><a class=\"btn btn-default\" href=\"https:\/\/mecenat-musee-photo.org\/?page_id=314\">Lire la suite<span class=\"screen-reader-text\"> Lire la suite<\/span><\/a><\/p>\n","protected":false},"author":1,"featured_media":0,"parent":12,"menu_order":0,"comment_status":"closed","ping_status":"closed","template":"","meta":{"jetpack_post_was_ever_published":false,"footnotes":""},"class_list":["post-314","page","type-page","status-publish","hentry"],"yoast_head":"<!-- This site is optimized with the Yoast SEO plugin v21.5 - https:\/\/yoast.com\/wordpress\/plugins\/seo\/ -->\n<title>Le point de vue du Directeur du mus\u00e9e - M\u00e9c\u00e9nat du Mus\u00e9e Fran\u00e7ais de La Photographie de Bi\u00e8vres<\/title>\n<meta name=\"robots\" content=\"index, follow, max-snippet:-1, max-image-preview:large, max-video-preview:-1\" \/>\n<link rel=\"canonical\" href=\"https:\/\/mecenat-musee-photo.org\/?page_id=314\" \/>\n<meta property=\"og:locale\" content=\"fr_FR\" \/>\n<meta property=\"og:type\" content=\"article\" \/>\n<meta property=\"og:title\" content=\"Le point de vue du Directeur du mus\u00e9e - M\u00e9c\u00e9nat du Mus\u00e9e Fran\u00e7ais de La Photographie de Bi\u00e8vres\" \/>\n<meta property=\"og:description\" content=\"La collection du mus\u00e9e fran\u00e7ais de la Photographie \u00c0 travers la collection du Mus\u00e9e Fran\u00e7ais de la Photographie, deux si\u00e8cles et demi sont repr\u00e9sent\u00e9s&nbsp;depuis des dispositifs ou images ayant pr\u00e9c\u00e9d\u00e9 l\u2019invention de la photographie jusqu\u2019aux \u0153uvres ou appareils du XXIe si\u00e8cle. Elle se compose de trois grands ensembles&nbsp;: Si l\u2019on examine la collection de fa\u00e7on chronologique, elle peut \u00eatre d\u00e9crite comme suit&nbsp;: Autres proc\u00e9d\u00e9s anciens&nbsp;: Typologie Proc\u00e9d\u00e9s Nombre d\u2019entr\u00e9es \u00e0 l\u2019inventaire informatis\u00e9 N\u00e9gatifs Calotypie 80 &nbsp; Collodion 145 &nbsp; Trichromie...Lire la suite Lire la suite\" \/>\n<meta property=\"og:url\" content=\"https:\/\/mecenat-musee-photo.org\/?page_id=314\" \/>\n<meta property=\"og:site_name\" content=\"M\u00e9c\u00e9nat du Mus\u00e9e Fran\u00e7ais de La Photographie de Bi\u00e8vres\" \/>\n<meta property=\"article:modified_time\" content=\"2023-12-07T15:23:46+00:00\" \/>\n<meta name=\"twitter:card\" content=\"summary_large_image\" \/>\n<meta name=\"twitter:label1\" content=\"Dur\u00e9e de lecture estim\u00e9e\" \/>\n\t<meta name=\"twitter:data1\" content=\"6 minutes\" \/>\n<script type=\"application\/ld+json\" class=\"yoast-schema-graph\">{\"@context\":\"https:\/\/schema.org\",\"@graph\":[{\"@type\":\"WebPage\",\"@id\":\"https:\/\/mecenat-musee-photo.org\/?page_id=314\",\"url\":\"https:\/\/mecenat-musee-photo.org\/?page_id=314\",\"name\":\"Le point de vue du Directeur du mus\u00e9e - M\u00e9c\u00e9nat du Mus\u00e9e Fran\u00e7ais de La Photographie de Bi\u00e8vres\",\"isPartOf\":{\"@id\":\"https:\/\/mecenat-musee-photo.org\/#website\"},\"datePublished\":\"2023-12-07T15:21:25+00:00\",\"dateModified\":\"2023-12-07T15:23:46+00:00\",\"breadcrumb\":{\"@id\":\"https:\/\/mecenat-musee-photo.org\/?page_id=314#breadcrumb\"},\"inLanguage\":\"fr-FR\",\"potentialAction\":[{\"@type\":\"ReadAction\",\"target\":[\"https:\/\/mecenat-musee-photo.org\/?page_id=314\"]}]},{\"@type\":\"BreadcrumbList\",\"@id\":\"https:\/\/mecenat-musee-photo.org\/?page_id=314#breadcrumb\",\"itemListElement\":[{\"@type\":\"ListItem\",\"position\":1,\"name\":\"Accueil\",\"item\":\"https:\/\/mecenat-musee-photo.org\/\"},{\"@type\":\"ListItem\",\"position\":2,\"name\":\"Les Collections\",\"item\":\"https:\/\/mecenat-musee-photo.org\/?page_id=12\"},{\"@type\":\"ListItem\",\"position\":3,\"name\":\"Le point de vue du Directeur du mus\u00e9e\"}]},{\"@type\":\"WebSite\",\"@id\":\"https:\/\/mecenat-musee-photo.org\/#website\",\"url\":\"https:\/\/mecenat-musee-photo.org\/\",\"name\":\"M\u00e9c\u00e9nat du Mus\u00e9e Fran\u00e7ais de La Photographie de Bi\u00e8vres\",\"description\":\"Pour que l&#039;Image perdure !\",\"alternateName\":\"M\u00e9c\u00e9nat - MFPB\",\"potentialAction\":[{\"@type\":\"SearchAction\",\"target\":{\"@type\":\"EntryPoint\",\"urlTemplate\":\"https:\/\/mecenat-musee-photo.org\/?s={search_term_string}\"},\"query-input\":\"required name=search_term_string\"}],\"inLanguage\":\"fr-FR\"}]}<\/script>\n<!-- \/ Yoast SEO plugin. -->","yoast_head_json":{"title":"Le point de vue du Directeur du mus\u00e9e - M\u00e9c\u00e9nat du Mus\u00e9e Fran\u00e7ais de La Photographie de Bi\u00e8vres","robots":{"index":"index","follow":"follow","max-snippet":"max-snippet:-1","max-image-preview":"max-image-preview:large","max-video-preview":"max-video-preview:-1"},"canonical":"https:\/\/mecenat-musee-photo.org\/?page_id=314","og_locale":"fr_FR","og_type":"article","og_title":"Le point de vue du Directeur du mus\u00e9e - M\u00e9c\u00e9nat du Mus\u00e9e Fran\u00e7ais de La Photographie de Bi\u00e8vres","og_description":"La collection du mus\u00e9e fran\u00e7ais de la Photographie \u00c0 travers la collection du Mus\u00e9e Fran\u00e7ais de la Photographie, deux si\u00e8cles et demi sont repr\u00e9sent\u00e9s&nbsp;depuis des dispositifs ou images ayant pr\u00e9c\u00e9d\u00e9 l\u2019invention de la photographie jusqu\u2019aux \u0153uvres ou appareils du XXIe si\u00e8cle. Elle se compose de trois grands ensembles&nbsp;: Si l\u2019on examine la collection de fa\u00e7on chronologique, elle peut \u00eatre d\u00e9crite comme suit&nbsp;: Autres proc\u00e9d\u00e9s anciens&nbsp;: Typologie Proc\u00e9d\u00e9s Nombre d\u2019entr\u00e9es \u00e0 l\u2019inventaire informatis\u00e9 N\u00e9gatifs Calotypie 80 &nbsp; Collodion 145 &nbsp; Trichromie...Lire la suite Lire la suite","og_url":"https:\/\/mecenat-musee-photo.org\/?page_id=314","og_site_name":"M\u00e9c\u00e9nat du Mus\u00e9e Fran\u00e7ais de La Photographie de Bi\u00e8vres","article_modified_time":"2023-12-07T15:23:46+00:00","twitter_card":"summary_large_image","twitter_misc":{"Dur\u00e9e de lecture estim\u00e9e":"6 minutes"},"schema":{"@context":"https:\/\/schema.org","@graph":[{"@type":"WebPage","@id":"https:\/\/mecenat-musee-photo.org\/?page_id=314","url":"https:\/\/mecenat-musee-photo.org\/?page_id=314","name":"Le point de vue du Directeur du mus\u00e9e - M\u00e9c\u00e9nat du Mus\u00e9e Fran\u00e7ais de La Photographie de Bi\u00e8vres","isPartOf":{"@id":"https:\/\/mecenat-musee-photo.org\/#website"},"datePublished":"2023-12-07T15:21:25+00:00","dateModified":"2023-12-07T15:23:46+00:00","breadcrumb":{"@id":"https:\/\/mecenat-musee-photo.org\/?page_id=314#breadcrumb"},"inLanguage":"fr-FR","potentialAction":[{"@type":"ReadAction","target":["https:\/\/mecenat-musee-photo.org\/?page_id=314"]}]},{"@type":"BreadcrumbList","@id":"https:\/\/mecenat-musee-photo.org\/?page_id=314#breadcrumb","itemListElement":[{"@type":"ListItem","position":1,"name":"Accueil","item":"https:\/\/mecenat-musee-photo.org\/"},{"@type":"ListItem","position":2,"name":"Les Collections","item":"https:\/\/mecenat-musee-photo.org\/?page_id=12"},{"@type":"ListItem","position":3,"name":"Le point de vue du Directeur du mus\u00e9e"}]},{"@type":"WebSite","@id":"https:\/\/mecenat-musee-photo.org\/#website","url":"https:\/\/mecenat-musee-photo.org\/","name":"M\u00e9c\u00e9nat du Mus\u00e9e Fran\u00e7ais de La Photographie de Bi\u00e8vres","description":"Pour que l&#039;Image perdure !","alternateName":"M\u00e9c\u00e9nat - MFPB","potentialAction":[{"@type":"SearchAction","target":{"@type":"EntryPoint","urlTemplate":"https:\/\/mecenat-musee-photo.org\/?s={search_term_string}"},"query-input":"required name=search_term_string"}],"inLanguage":"fr-FR"}]}},"jetpack_sharing_enabled":true,"_links":{"self":[{"href":"https:\/\/mecenat-musee-photo.org\/index.php?rest_route=\/wp\/v2\/pages\/314","targetHints":{"allow":["GET"]}}],"collection":[{"href":"https:\/\/mecenat-musee-photo.org\/index.php?rest_route=\/wp\/v2\/pages"}],"about":[{"href":"https:\/\/mecenat-musee-photo.org\/index.php?rest_route=\/wp\/v2\/types\/page"}],"author":[{"embeddable":true,"href":"https:\/\/mecenat-musee-photo.org\/index.php?rest_route=\/wp\/v2\/users\/1"}],"replies":[{"embeddable":true,"href":"https:\/\/mecenat-musee-photo.org\/index.php?rest_route=%2Fwp%2Fv2%2Fcomments&post=314"}],"version-history":[{"count":1,"href":"https:\/\/mecenat-musee-photo.org\/index.php?rest_route=\/wp\/v2\/pages\/314\/revisions"}],"predecessor-version":[{"id":315,"href":"https:\/\/mecenat-musee-photo.org\/index.php?rest_route=\/wp\/v2\/pages\/314\/revisions\/315"}],"up":[{"embeddable":true,"href":"https:\/\/mecenat-musee-photo.org\/index.php?rest_route=\/wp\/v2\/pages\/12"}],"wp:attachment":[{"href":"https:\/\/mecenat-musee-photo.org\/index.php?rest_route=%2Fwp%2Fv2%2Fmedia&parent=314"}],"curies":[{"name":"wp","href":"https:\/\/api.w.org\/{rel}","templated":true}]}}