{"id":42,"date":"2023-09-26T16:36:05","date_gmt":"2023-09-26T14:36:05","guid":{"rendered":"http:\/\/mecenat-musee-photo.org\/?page_id=42"},"modified":"2024-01-30T10:44:38","modified_gmt":"2024-01-30T09:44:38","slug":"ils-nous-soutiennent","status":"publish","type":"page","link":"https:\/\/mecenat-musee-photo.org\/?page_id=42","title":{"rendered":"Ils Nous Soutiennent !"},"content":{"rendered":"\n<h2 class=\"wp-block-heading\">La Commune de Bi\u00e8vres<\/h2>\n\n\n\n<p>L\u2019histoire du mus\u00e9e fran\u00e7ais de la photographie est li\u00e9e \u00e0 un autre acteur : la Commune de Bi\u00e8vres qui a, tr\u00e8s t\u00f4t, marqu\u00e9 son int\u00e9r\u00eat pour la d\u00e9marche de Jean et Andr\u00e9 FAGE. En mettant \u00e0 leur disposition un local municipal d\u00e8s 1964, modeste, mais suffisant, elle a fait na\u00eetre l\u2019id\u00e9e qu\u2019un mus\u00e9e de la technique photographique \u00e9tait possible et avait un public..<\/p>\n\n\n\n<p>On sait ce qui est advenu ensuite, gr\u00e2ce \u00e0 tous ceux qui ont apport\u00e9 leur pierre \u00e0 l\u2019\u00e9difice pour en faire l\u2019une des plus belles collections de mat\u00e9riels photographiques, d\u2019images et d\u2019ouvrages.<\/p>\n\n\n\n<p>En 1972, le Maire de l\u2019\u00e9poque est intervenu pour faciliter l\u2019acquisition, par le Conseil g\u00e9n\u00e9ral de l\u2019Essonne, des locaux actuels plus spacieux que les pr\u00e9c\u00e9dents, mais qui, malheureusement, sont devenus inadapt\u00e9s au fil de l\u2019accroissement de la qualit\u00e9 et de l\u2019importance de la collection, pour finalement, ne plus permettre d\u2019en donner une vraie vision aux visiteurs.<\/p>\n\n\n\n<p>Par la suite, en d\u00e9pit des incertitudes li\u00e9es au financement d\u2019une construction nouvelle par le Conseil d\u00e9partemental de l\u2019Essonne, la Commune a souhait\u00e9 apporter son aide en proposant un terrain d\u2019assiette, mais le choix du m\u00e9c\u00e9nat ayant \u00e9t\u00e9 retenu depuis, l\u2019avenir du mus\u00e9e de la photo reste \u00e0 \u00e9crire.<\/p>\n\n\n\n<hr class=\"wp-block-separator has-alpha-channel-opacity\"\/>\n\n\n\n<h2 class=\"wp-block-heading\">T\u00e9moignages de soutien<\/h2>\n\n\n\n<p class=\"has-vivid-red-color has-text-color has-link-color wp-elements-e63726b9d350ee30a67bbbeb64666513\"><a href=\"https:\/\/mecenat-musee-photo.org\/?page_id=84\"><strong><em>Laissez nous un message  de soutien en suivant ce lien !<\/em><\/strong><\/a><\/p>\n\n\n\n<p class=\"has-drop-cap has-cyan-bluish-gray-background-color has-background\" style=\"font-size:16px\">Lorsque j\u2019ai visit\u00e9 le mus\u00e9e de la Photo pour la premi\u00e8re fois, des bruissements de couloir laissaient d\u00e9j\u00e0 esp\u00e9rer une construction prochaine d\u2019un mus\u00e9e moderne et plus grand qui permettrait d\u2019abriter et montrer \u00e0 un large public les formidables collections r\u00e9unies par fondateurs et successeurs, dont une partie vieillit plut\u00f4t mal que bien dans des entrep\u00f4ts.<br>Mais les rumeurs enflaient et se d\u00e9gonflaient au fil des ans.<br>Quel dommage de laisser se d\u00e9composer et disparaitre une telle opportunit\u00e9 culturelle pour le village, le d\u00e9partement et la r\u00e9gion.<br>Avec la Foire Internationale de la Photo, un Mus\u00e9e moderne et ses activit\u00e9s photographiques, qui comptent une soixantaine de membres actifs (pour une si petite ville!), Bi\u00e8vres assoirait d\u00e9finitivement son statut de \u00ab Capitale de la Photo \u00bb en France.<br><strong>Gilles Brochand<\/strong> (Photographe amateur et passionn\u00e9), <strong>91 Bi\u00e8vres<\/strong><\/p>\n\n\n\n<hr class=\"wp-block-separator has-alpha-channel-opacity\"\/>\n\n\n\n<p class=\"has-drop-cap has-pale-cyan-blue-background-color has-background\" style=\"font-size:16px\">Pour moi, la France est \u00e9troitement li\u00e9e \u00e0 l\u2018image &#8211; Les fr\u00e8res Lumi\u00e8res, Niepce, Daguerre pour ne citer que quelques pr\u00e9curseurs. Il me parait donc \u00e9vident et par cons\u00e9quent n\u00e9cessaire, de construire ce mus\u00e9e qui donnera une place importante et plus que m\u00e9rit\u00e9e \u00e0 une tr\u00e8s belle collection.<br>Aussi, pour les jeunes et les futures g\u00e9n\u00e9rations, qui grandissent dans un monde de plus en plus connect\u00e9 et num\u00e9rique, il est important de pouvoir d\u00e9couvrir le mat\u00e9riel analogique, les tirages d\u2019\u00e9poque, l\u2019histoire de la photographie.<br>Ce serait tr\u00e8s dommage, d\u2019un point de vue \u00e9ducatif mais aussi culturel, de passer \u00e0 c\u00f4t\u00e9 d\u2019une telle opportunit\u00e9.<br>Ce serait tr\u00e8s dommage, d\u2019un point de vue \u00e9ducatif mais aussi culturel, de passer \u00e0 c\u00f4t\u00e9 d\u2019une telle opportunit\u00e9.<br><strong>Annette Schwichtenberg<\/strong>, <strong>Paris XIV<sup>e<\/sup><\/strong> (pas loin de l\u00e0 o\u00f9 vivait le photographe Atget)<\/p>\n\n\n\n<hr class=\"wp-block-separator has-alpha-channel-opacity\"\/>\n\n\n\n<p class=\"has-drop-cap has-cyan-bluish-gray-background-color has-background\" style=\"font-size:16px\">L\u2019histoire de la photographie est riche et passionnante. Elle permet d\u2019embrasser des questions techniques, esth\u00e9tiques, \u00e9conomiques, sociologiques\u2026 de conna\u00eetre l\u2019\u00e9volution du m\u00e9dium, d\u2019apprendre \u00e0 d\u00e9crypter les images. Les collections sur lesquelles s\u2019appuie le Mus\u00e9e fran\u00e7ais de la photographie sont exceptionnelles aussi bien en qualit\u00e9 qu\u2019en nombre. Un nouveau Mus\u00e9e permettrait de les mettre beaucoup mieux en valeur, de les rendre bien plus accessibles au public qu\u2019elles ne le sont aujourd\u2019hui. J\u2019esp\u00e8re que cette ambition sera largement accompagn\u00e9e.&nbsp;<br><strong>Agn\u00e8s Vergnes, Paris VI<sup>e<\/sup><\/strong><\/p>\n\n\n\n<hr class=\"wp-block-separator has-alpha-channel-opacity\"\/>\n\n\n\n<p class=\"has-drop-cap has-pale-cyan-blue-background-color has-background\" style=\"font-size:16px\">Bi\u00e9vroise de longue date, photographe confirm\u00e9e, membre et animatrice d&rsquo;associations de photographes \u00e0 Bi\u00e8vres, Versailles, et au Photo-Club Paris Val\u2010de\u2010Bi\u00e8vre cr\u00e9\u00e9, comme le Mus\u00e9e, par Jean et Andr\u00e9 Fage, j&rsquo;ai connu le mus\u00e9e avant &#8230;<br>Avant, quand ses \u00e9tag\u00e8res croulaient sous les mat\u00e9riels anciens et tous ces appareils mythiques qui ont accompagn\u00e9 les d\u00e9buts de la photographie.<br>C&rsquo;\u00e9tait captivant, on restait des heures \u00e0 d\u00e9couvrir cette fabuleuse collection.<br>H\u00e9las, depuis une vingtaine d&rsquo;ann\u00e9e, les vitrines restent d\u00e9sesp\u00e9r\u00e9ment vides.<br>Bi\u00e8vres, ville de la photographie, qui accueille la plus importante et ancienne \u00ab\u00a0Foire internationale de la photographie\u00a0\u00bb, Bi\u00e8vres, au\u2010dessus de laquelle Nadar a pris le premier clich\u00e9 a\u00e9rien au monde, Bi\u00e8vres souhaite et \u0153uvre pour l&rsquo;ouverture d&rsquo;un nouveau Mus\u00e9e sur la commune.<br>Nouveau mus\u00e9e de la Photographie, que tous les bi\u00e9vrois appellent de leurs v\u0153ux pour perp\u00e9tuer la vocation de la commune et mettre en valeur l&rsquo;extraordinaire richesse de la collection Fage, autant en mat\u00e9riels anciens qu&rsquo;en fond d&rsquo;images.<br><strong>Monique Corriol, 91 Bi\u00e8vres<\/strong><br><\/p>\n\n\n\n<p><a href=\"https:\/\/mecenat-musee-photo.org\/?page_id=18\"><strong>Retour \u00ab\u00a0A la Une !\u00a0\u00bb <\/strong><\/a><\/p>\n","protected":false},"excerpt":{"rendered":"<p>La Commune de Bi\u00e8vres L\u2019histoire du mus\u00e9e fran\u00e7ais de la photographie est li\u00e9e \u00e0 un autre acteur : la Commune de Bi\u00e8vres qui a, tr\u00e8s t\u00f4t, marqu\u00e9 son int\u00e9r\u00eat pour la d\u00e9marche de Jean et Andr\u00e9 FAGE. En mettant \u00e0 leur disposition un local municipal d\u00e8s 1964, modeste, mais suffisant, elle a fait na\u00eetre l\u2019id\u00e9e qu\u2019un mus\u00e9e de la technique photographique \u00e9tait possible et avait un public.. On sait ce qui est advenu ensuite, gr\u00e2ce \u00e0 tous ceux qui ont&#8230;<\/p>\n<p class=\"read-more\"><a class=\"btn btn-default\" href=\"https:\/\/mecenat-musee-photo.org\/?page_id=42\">Lire la suite<span class=\"screen-reader-text\"> Lire la suite<\/span><\/a><\/p>\n","protected":false},"author":1,"featured_media":0,"parent":18,"menu_order":0,"comment_status":"closed","ping_status":"closed","template":"","meta":{"jetpack_post_was_ever_published":false,"footnotes":""},"class_list":["post-42","page","type-page","status-publish","hentry"],"yoast_head":"<!-- This site is optimized with the Yoast SEO plugin v21.5 - https:\/\/yoast.com\/wordpress\/plugins\/seo\/ -->\n<title>Ils Nous Soutiennent ! - M\u00e9c\u00e9nat du Mus\u00e9e Fran\u00e7ais de La Photographie de Bi\u00e8vres<\/title>\n<meta name=\"robots\" content=\"index, follow, max-snippet:-1, max-image-preview:large, max-video-preview:-1\" \/>\n<link rel=\"canonical\" href=\"https:\/\/mecenat-musee-photo.org\/?page_id=42\" \/>\n<meta property=\"og:locale\" content=\"fr_FR\" \/>\n<meta property=\"og:type\" content=\"article\" \/>\n<meta property=\"og:title\" content=\"Ils Nous Soutiennent ! - M\u00e9c\u00e9nat du Mus\u00e9e Fran\u00e7ais de La Photographie de Bi\u00e8vres\" \/>\n<meta property=\"og:description\" content=\"La Commune de Bi\u00e8vres L\u2019histoire du mus\u00e9e fran\u00e7ais de la photographie est li\u00e9e \u00e0 un autre acteur : la Commune de Bi\u00e8vres qui a, tr\u00e8s t\u00f4t, marqu\u00e9 son int\u00e9r\u00eat pour la d\u00e9marche de Jean et Andr\u00e9 FAGE. En mettant \u00e0 leur disposition un local municipal d\u00e8s 1964, modeste, mais suffisant, elle a fait na\u00eetre l\u2019id\u00e9e qu\u2019un mus\u00e9e de la technique photographique \u00e9tait possible et avait un public.. On sait ce qui est advenu ensuite, gr\u00e2ce \u00e0 tous ceux qui ont...Lire la suite Lire la suite\" \/>\n<meta property=\"og:url\" content=\"https:\/\/mecenat-musee-photo.org\/?page_id=42\" \/>\n<meta property=\"og:site_name\" content=\"M\u00e9c\u00e9nat du Mus\u00e9e Fran\u00e7ais de La Photographie de Bi\u00e8vres\" \/>\n<meta property=\"article:modified_time\" content=\"2024-01-30T09:44:38+00:00\" \/>\n<meta name=\"twitter:card\" content=\"summary_large_image\" \/>\n<meta name=\"twitter:label1\" content=\"Dur\u00e9e de lecture estim\u00e9e\" \/>\n\t<meta name=\"twitter:data1\" content=\"4 minutes\" \/>\n<script type=\"application\/ld+json\" class=\"yoast-schema-graph\">{\"@context\":\"https:\/\/schema.org\",\"@graph\":[{\"@type\":\"WebPage\",\"@id\":\"https:\/\/mecenat-musee-photo.org\/?page_id=42\",\"url\":\"https:\/\/mecenat-musee-photo.org\/?page_id=42\",\"name\":\"Ils Nous Soutiennent ! - M\u00e9c\u00e9nat du Mus\u00e9e Fran\u00e7ais de La Photographie de Bi\u00e8vres\",\"isPartOf\":{\"@id\":\"https:\/\/mecenat-musee-photo.org\/#website\"},\"datePublished\":\"2023-09-26T14:36:05+00:00\",\"dateModified\":\"2024-01-30T09:44:38+00:00\",\"breadcrumb\":{\"@id\":\"https:\/\/mecenat-musee-photo.org\/?page_id=42#breadcrumb\"},\"inLanguage\":\"fr-FR\",\"potentialAction\":[{\"@type\":\"ReadAction\",\"target\":[\"https:\/\/mecenat-musee-photo.org\/?page_id=42\"]}]},{\"@type\":\"BreadcrumbList\",\"@id\":\"https:\/\/mecenat-musee-photo.org\/?page_id=42#breadcrumb\",\"itemListElement\":[{\"@type\":\"ListItem\",\"position\":1,\"name\":\"Accueil\",\"item\":\"https:\/\/mecenat-musee-photo.org\/\"},{\"@type\":\"ListItem\",\"position\":2,\"name\":\"A La Une !\",\"item\":\"https:\/\/mecenat-musee-photo.org\/?page_id=18\"},{\"@type\":\"ListItem\",\"position\":3,\"name\":\"Ils Nous Soutiennent !\"}]},{\"@type\":\"WebSite\",\"@id\":\"https:\/\/mecenat-musee-photo.org\/#website\",\"url\":\"https:\/\/mecenat-musee-photo.org\/\",\"name\":\"M\u00e9c\u00e9nat du Mus\u00e9e Fran\u00e7ais de La Photographie de Bi\u00e8vres\",\"description\":\"Pour que l&#039;Image perdure !\",\"alternateName\":\"M\u00e9c\u00e9nat - MFPB\",\"potentialAction\":[{\"@type\":\"SearchAction\",\"target\":{\"@type\":\"EntryPoint\",\"urlTemplate\":\"https:\/\/mecenat-musee-photo.org\/?s={search_term_string}\"},\"query-input\":\"required name=search_term_string\"}],\"inLanguage\":\"fr-FR\"}]}<\/script>\n<!-- \/ Yoast SEO plugin. -->","yoast_head_json":{"title":"Ils Nous Soutiennent ! - M\u00e9c\u00e9nat du Mus\u00e9e Fran\u00e7ais de La Photographie de Bi\u00e8vres","robots":{"index":"index","follow":"follow","max-snippet":"max-snippet:-1","max-image-preview":"max-image-preview:large","max-video-preview":"max-video-preview:-1"},"canonical":"https:\/\/mecenat-musee-photo.org\/?page_id=42","og_locale":"fr_FR","og_type":"article","og_title":"Ils Nous Soutiennent ! - M\u00e9c\u00e9nat du Mus\u00e9e Fran\u00e7ais de La Photographie de Bi\u00e8vres","og_description":"La Commune de Bi\u00e8vres L\u2019histoire du mus\u00e9e fran\u00e7ais de la photographie est li\u00e9e \u00e0 un autre acteur : la Commune de Bi\u00e8vres qui a, tr\u00e8s t\u00f4t, marqu\u00e9 son int\u00e9r\u00eat pour la d\u00e9marche de Jean et Andr\u00e9 FAGE. En mettant \u00e0 leur disposition un local municipal d\u00e8s 1964, modeste, mais suffisant, elle a fait na\u00eetre l\u2019id\u00e9e qu\u2019un mus\u00e9e de la technique photographique \u00e9tait possible et avait un public.. On sait ce qui est advenu ensuite, gr\u00e2ce \u00e0 tous ceux qui ont...Lire la suite Lire la suite","og_url":"https:\/\/mecenat-musee-photo.org\/?page_id=42","og_site_name":"M\u00e9c\u00e9nat du Mus\u00e9e Fran\u00e7ais de La Photographie de Bi\u00e8vres","article_modified_time":"2024-01-30T09:44:38+00:00","twitter_card":"summary_large_image","twitter_misc":{"Dur\u00e9e de lecture estim\u00e9e":"4 minutes"},"schema":{"@context":"https:\/\/schema.org","@graph":[{"@type":"WebPage","@id":"https:\/\/mecenat-musee-photo.org\/?page_id=42","url":"https:\/\/mecenat-musee-photo.org\/?page_id=42","name":"Ils Nous Soutiennent ! - M\u00e9c\u00e9nat du Mus\u00e9e Fran\u00e7ais de La Photographie de Bi\u00e8vres","isPartOf":{"@id":"https:\/\/mecenat-musee-photo.org\/#website"},"datePublished":"2023-09-26T14:36:05+00:00","dateModified":"2024-01-30T09:44:38+00:00","breadcrumb":{"@id":"https:\/\/mecenat-musee-photo.org\/?page_id=42#breadcrumb"},"inLanguage":"fr-FR","potentialAction":[{"@type":"ReadAction","target":["https:\/\/mecenat-musee-photo.org\/?page_id=42"]}]},{"@type":"BreadcrumbList","@id":"https:\/\/mecenat-musee-photo.org\/?page_id=42#breadcrumb","itemListElement":[{"@type":"ListItem","position":1,"name":"Accueil","item":"https:\/\/mecenat-musee-photo.org\/"},{"@type":"ListItem","position":2,"name":"A La Une !","item":"https:\/\/mecenat-musee-photo.org\/?page_id=18"},{"@type":"ListItem","position":3,"name":"Ils Nous Soutiennent !"}]},{"@type":"WebSite","@id":"https:\/\/mecenat-musee-photo.org\/#website","url":"https:\/\/mecenat-musee-photo.org\/","name":"M\u00e9c\u00e9nat du Mus\u00e9e Fran\u00e7ais de La Photographie de Bi\u00e8vres","description":"Pour que l&#039;Image perdure !","alternateName":"M\u00e9c\u00e9nat - MFPB","potentialAction":[{"@type":"SearchAction","target":{"@type":"EntryPoint","urlTemplate":"https:\/\/mecenat-musee-photo.org\/?s={search_term_string}"},"query-input":"required name=search_term_string"}],"inLanguage":"fr-FR"}]}},"jetpack_sharing_enabled":true,"_links":{"self":[{"href":"https:\/\/mecenat-musee-photo.org\/index.php?rest_route=\/wp\/v2\/pages\/42","targetHints":{"allow":["GET"]}}],"collection":[{"href":"https:\/\/mecenat-musee-photo.org\/index.php?rest_route=\/wp\/v2\/pages"}],"about":[{"href":"https:\/\/mecenat-musee-photo.org\/index.php?rest_route=\/wp\/v2\/types\/page"}],"author":[{"embeddable":true,"href":"https:\/\/mecenat-musee-photo.org\/index.php?rest_route=\/wp\/v2\/users\/1"}],"replies":[{"embeddable":true,"href":"https:\/\/mecenat-musee-photo.org\/index.php?rest_route=%2Fwp%2Fv2%2Fcomments&post=42"}],"version-history":[{"count":9,"href":"https:\/\/mecenat-musee-photo.org\/index.php?rest_route=\/wp\/v2\/pages\/42\/revisions"}],"predecessor-version":[{"id":342,"href":"https:\/\/mecenat-musee-photo.org\/index.php?rest_route=\/wp\/v2\/pages\/42\/revisions\/342"}],"up":[{"embeddable":true,"href":"https:\/\/mecenat-musee-photo.org\/index.php?rest_route=\/wp\/v2\/pages\/18"}],"wp:attachment":[{"href":"https:\/\/mecenat-musee-photo.org\/index.php?rest_route=%2Fwp%2Fv2%2Fmedia&parent=42"}],"curies":[{"name":"wp","href":"https:\/\/api.w.org\/{rel}","templated":true}]}}